 5*t - 223 = 1047. Is t a composite number?
True
Let y be 167/7 - 2/(-14). Suppose 5*a - 60 = 375. Let q = y + a. Is q a composite number?
True
Suppose 12 = 3*d + d. Let l = d + 10. Is l a composite number?
False
Is 2302/4*(8 + -6) a composite number?
False
Let r(u) = -u**3 + 4*u**2 + 7*u - 7. Let b be r(5). Suppose 2*g - 6 = -b*d - 2*g, -2*d + g + 15 = 0. Let o = 17 - d. Is o prime?
True
Is (5/(-15))/(2/(-1758)) composite?
False
Suppose 4686 + 5137 = 19*s. Is s a prime number?
False
Let x(k) = k + 7. Let j be x(-5). Suppose 3*t + 11 = j. Let a(n) = n**3 + 5*n**2 - 3. Is a(t) composite?
True
Let p be (-20)/(-2) - (8 - 5). Suppose -p*w + 6*w = -251. Is w prime?
True
Suppose c + c + 2*z = 46, -36 = -2*c - 4*z. Suppose u + 14 = 3*d + 4, -4*u - 5*d + c = 0. Is (46/3)/(u/6) prime?
False
Let b be ((-44)/6)/((-4)/24). Suppose -k + b = 7. Let p = k - 0. Is p composite?
False
Let b(f) = -297*f + 4. Is b(-11) prime?
True
Suppose 388 = 3*o + o. Is o composite?
False
Let s be 3/(-3 - -4 - 0). Is (-4634)/(-42) + 2/s prime?
False
Let p = 173 + -54. Suppose 3*q - 332 = -p. Is q a prime number?
True
Suppose p - 70 = 5*o, 2*p - 6*o = -2*o + 116. Suppose -2*h = 3*h - p. Is h a prime number?
False
Let x = 449 - 70. Is x prime?
True
Suppose -10*c = -7*c - 795. Is c composite?
True
Suppose 3*b = -w - 0*w + 5401, 2*b = -4*w + 3614. Is b a composite number?
True
Suppose 15*x = 2*x + 21931. Is x a prime number?
False
Let n(d) = -d**3 - d + 191. Let c be n(0). Let y(x) = -c*x**3 + 3*x - 19*x**3 + 0*x - 4*x. Is y(-1) composite?
False
Let k(g) = -g**3 - 2*g**2 + 2. Let h be k(2). Let n = h - -29. Is n a prime number?
False
Let m(n) = -n**2 - 8*n + 3. Let b be m(-7). Suppose x = b + 25. Is x a composite number?
True
Suppose 5*z + 15 = -4*r, 15 = -2*z - 3*z - 2*r. Let a be -1 + (100 - (-6)/z). Suppose 5*w = 2*k + a, -2*w + 0*k + 3*k = -41. Is w a composite number?
False
Let x = 3 + 63. Let f = x + -27. Is f prime?
False
Let n(z) = -z**2 + 6*z - 4. Let x be n(5). Suppose 15 = 5*d - r, -d - 2*r = -4 + x. Suppose d*j + 345 = 6*j. Is j a prime number?
False
Is (63 - -8)/((-1)/(-3)) composite?
True
Is 2 - ((-12)/4 + -246) a prime number?
True
Suppose -8*o = -6*o - 38. Suppose -10*r = -11*r + o. Is r composite?
False
Suppose 8*t - 3*t = 1015. Is t a composite number?
True
Suppose -n + 2*n = 5*s - 1832, -1477 = -4*s - 3*n. Is s a prime number?
True
Suppose 2*m + 8 = 30. Let i(f) = f**3 - 9*f**2 - 9*f + 14. Is i(m) a prime number?
True
Let p(y) = -10*y - 10. Let d be p(-8). Suppose 24 + 4 = 2*g - 2*a, -5*g + d = 2*a. Is g a prime number?
False
Suppose 3*j = 4 + 89. Is j composite?
False
Let u = -174 + 641. Is u a prime number?
True
Let l(g) = 2*g - 1. Let s(n) = -n**3 - n + 6. Let m be s(0). Is l(m) a prime number?
True
Let h = 4 - 8. Let p be (0 - 162/8)*h. Let d = p - 44. Is d prime?
True
Let z(y) = 3*y**2 - 16*y + 8. Is z(7) composite?
False
Suppose -u + 5 - 10 = 0. Let o be -1*((3 - 1) + u). Is -2 + 30 + 9/o prime?
True
Let w(c) = -c. Let z(u) = -14*u**2 + 5*u - 1. Let v(q) = -5*w(q) - z(q). Is v(-1) composite?
True
Is 1/4*2 - 6345/(-2) a composite number?
True
Let z(w) = -3*w + 12. Let r be z(-7). Let x = -11 + 18. Suppose 3*q - x = -3*y + 2, -r = -3*y + 3*q. Is y composite?
False
Let l = -2 - -6. Suppose 0*r = l*r - 88. Is r prime?
False
Let k = 34 - 21. Let o = 48 - k. Is o a composite number?
True
Let m = 17 + -12. Suppose 3*a + o = 181, -a = -m*o - 127 + 40. Is a composite?
True
Is (-2784)/(-21) + (-6)/(-14) a prime number?
False
Let p be 2 + 3*(20 + -1). Let j = p - 28. Is j a composite number?
False
Suppose -3*l + 0*l + 6 = u, 11 = 3*u + 2*l. Suppose -u*h + 8*h = 185. Is h prime?
True
Let y = -2 + 4. Suppose 0 = -d + 2*o + 13, -3*o + 6 = 4*d - y. Suppose -248 + 73 = -d*k. Is k prime?
False
Suppose -4*m + 2*a - 100 = -2*m, 3*m + 134 = -a. Let v = m - -99. Is v a composite number?
False
Let j = 2 + 10. Suppose 4*w = 2*m - 0 + 8, w - 3*m = j. Suppose -4*g + 5*g - 4 = w, -2*y = -3*g + 8. Is y a prime number?
True
Let k be 6/(-15)*(-10)/4. Let r be 2 - (k + (-48)/3). Is (-7)/3*(2 - r) a composite number?
True
Let q(y) = y**3 + 10*y**2 - 3*y - 7. Is q(-5) a prime number?
False
Let m(x) = x**3 - 7*x**2 - 2*x + 7. Let g = -11 + 16. Suppose 0 = -g*w - 15, 0*f + 2*w + 38 = 4*f. Is m(f) a prime number?
False
Suppose 335 = 2*w - 323. Is w composite?
True
Suppose 0 = -w - 0*w - 38. Let l be w - (-3 + 0 + 1). Let a = l + 67. Is a a composite number?
False
Suppose -4 = -4*m, 0 = 4*k - 0*m + 3*m - 1535. Is k prime?
True
Suppose 21 = m + 2*m. Let x(r) = -12*r + 23. Let s(c) = -6*c + 11. Let l(j) = -9*s(j) + 4*x(j). Is l(m) prime?
False
Suppose 6 = 5*u - 9. Suppose -u*j = -305 - 64. Is j a composite number?
True
Let h = 6 - 1. Let t be 274/5 - (-1)/h. Suppose v - 2*v = -5*g + t, 60 = 5*g - 2*v. Is g a prime number?
False
Suppose 0*j - 4*v - 1329 = -j, v - 4 = 0. Is j composite?
True
Let q be (-1230)/(-54) - 2/(-9). Let t be q/3 + 4/12. Suppose -635 = -t*z + 3*z. Is z a composite number?
False
Suppose -98 = 2*s + 16. Let b = s + 29. Let i = b - -65. Is i composite?
False
Let b(o) = -56*o - 3. Suppose 2*t + 2 + 6 = 0. Is b(t) a prime number?
False
Suppose -4*i + 458 = -3*f, 0 = 3*i - 8*f + 3*f - 349. Is i a composite number?
False
Let y(l) = -393*l + 2. Is y(-1) a prime number?
False
Is 0 + 16713/17 - (-2)/(-17) prime?
True
Suppose 5*u + 26 + 29 = 0. Let t be 211/u - (-2)/11. Let f = t - -42. Is f a prime number?
True
Suppose 0*r + 3*r + 18 = -3*o, 5*r - 4*o + 30 = 0. Let k = r - -13. Is k composite?
False
Let m(s) = -19*s**2 + 2*s - 1. Let o be m(5). Let g be 8/44 + o/22. Is (-6)/((24/g)/4) a composite number?
True
Let r be (-3)/(45/(-24))*5. Let f(q) = -5*q + 6 + q - 3*q + q**2. Is f(r) a composite number?
True
Suppose -3*x = -4*x + 3. Let n = x - -3. Suppose -z = -u + n*u - 484, 0 = 2*u + 5*z - 189. Is u prime?
True
Suppose 4*h + 12 = -0*h. Suppose -7*f + 140 = -2*f. Let m = f + h. Is m a prime number?
False
Let b be 10/6 - (-1)/3. Let i be (-26)/(-4) + (-1)/b. Is (i/(-9))/((-3)/99) prime?
False
Suppose -5*j = 3*d - 80, 0*d + 20 = -4*d. Is j prime?
True
Is 5452/6 - 1 - (-2)/(-3) a prime number?
True
Let r = 128 + -60. Let b = r + -11. Is b a composite number?
True
Is ((-1538)/6)/(3/(-9)) a prime number?
True
Let y be (9/6)/(2/108). Let i = 148 - y. Is i a prime number?
True
Let d = 2487 - -586. Is d prime?
False
Let v be 2 + (-8 - (1 + -1)). Is ((-472)/6)/(4/v) composite?
True
Suppose 5*n = 1802 + 2903. Is n prime?
True
Suppose -3*d + d = -4*v - 1494, -16 = 4*v. Is d composite?
False
Let n(s) = 8*s**2 + 2*s + 1. Let v be n(-1). Let r = v + 15. Is r a prime number?
False
Suppose -j = -0*j + 249. Let i = j - -547. Let p = i - 183. Is p prime?
False
Let w(d) = 0*d + d**2 - 2*d + 4*d + 5. Is w(6) a composite number?
False
Suppose 0 = -4*i - 3*r + 4843, -i + 2420 = i + 2*r. Is i a prime number?
True
Let t = 12 - 8. Let a(b) = 2*b - 8. Let v be a(6). Suppose 0 = -t*d, -y + 6 = -v*d - 7. Is y a composite number?
False
Suppose 0 = -3*s + 2 + 10. Suppose -5*k - s*g + 163 = 0, 6*g - 2*g = -12. Is k a prime number?
False
Suppose -j = j - 42. Let z be 2/7 + 36/j. Is 1*(61 + 2/z) a composite number?
True
Suppose -4*h - 2*t + 444 = 0, -5*h + 0*t - 5*t = -545. Is h composite?
False
Is 9/6 + 998/4 a composite number?
False
Is -3*(4/6)/(2/(-691)) a prime number?
True
Suppose 16 = -2*s - 4*u, u = 4*u + 15. Suppose s*l = -0*l. Suppose l = y + 3*h - 66, -2*y + 117 = 2*h + h. Is y a composite number?
True
Let x(p) = 60*p**2 + 11*p - 3. Let g(a) = -90*a**2 - 17*a + 5. Let y(s) = 5*g(s) + 8*x(s). Is y(-2) composite?
True
Suppose v - 5*f = 6*v - 3485, -16 = 4*f. Is v a prime number?
True
Suppose -s + 0*s = -5. Suppose -54 = -5*u + 3*l, -5*u + 20 + 10 = s*l. Suppose 0*q + 2*q - 2*p - 6 = 0, 3*q - u = 4*p. Is q a prime number?
True
Is (2/(-8) + 9/(-36))*-6 composite?
False
Let i be ((-4)/3)/((-4)/6). Is ((-204)/(-8))/(1/i) a prime number?
False
Suppose 5*t - 3921 + 1311 = 0. Suppose -3*i + 4*i = 2, 0 = 2*m - 4*i - t. Is m composite?
True
Let c(g) = g**3 - g - 1. Let p be c(-2). Let l = p - -8. Is ((-762)/(-18))/(l/3) prime?
True
Let o be (-5)/(30/(-8))*312. Let l = o - 271. Is l a prime number?
False
Let g be (15/6 + -2)*0. Is 50 - (0 + -3) - g prime?
True
Suppose 0*d - 19070 = -2*c + 2*d, d = 0. Suppose -